it of j?
5
Suppose -11*m + 4410 = -22815. What is the tens digit of m?
7
Let f(b) = -8*b**3 - 2*b**2 + 1. Let z be f(-1). Suppose 3*j + z = 4*j - 3*h, 0 = -3*j + 3*h + 27. Let v = j + 2. What is the tens digit of v?
1
Let d(x) = x**3 + 19*x**2 - 42*x + 2. What is the units digit of d(-11)?
2
Let l be 0 + 1*(-2 - -4). Let x be (-99)/27 - l/6. What is the units digit of (54/15)/(x/(-10))?
9
Let o be (-18)/(-8) + 7/(-28). Suppose 61 = 3*x - o*u, -x + 46 = x - 4*u. Suppose 0*h - h + x = 0. What is the units digit of h?
9
Let v(f) = 408*f + 72. What is the tens digit of v(2)?
8
Suppose -2*n = 2*u, -7 = 4*n + 5*u - 2. Suppose 1502 = 4*d - 4*c + 318, 0 = -3*d - n*c + 920. What is the tens digit of d?
0
Let s = -19 + 22. Suppose -2*y - 45 = -s*c, 2*y - 45 = -3*c + 3*y. What is the units digit of c?
5
Let r = 15 - 10. Suppose r*w = t + 857, 4*t - 700 = -2*w - 2*w. What is the units digit of w?
2
What is the units digit of (-144)/1*1134/(-216)?
6
Let j be (-18)/81 + 40/18. Let o be -5 + 6 + j + 1. Suppose o*w - 136 = -28. What is the units digit of w?
7
What is the units digit of (-22553)/133*-7 + 0 + -7?
0
Let z = -2 - 1. What is the tens digit of (21/(-28))/(z/120)?
3
Let h(p) = -321*p - 1209. What is the units digit of h(-6)?
7
What is the units digit of ((-9980)/(-45) - 0) + (-6)/(-27)?
2
Suppose -4*c + 30*g - 35*g = -7043, 0 = 2*c - 5*g - 3529. What is the tens digit of c?
6
Let o(h) = -5*h - 2. Let l(j) = 5*j + 3. Let f(i) = -6*l(i) - 7*o(i). Let w be f(2). What is the tens digit of ((-2)/w)/(18/(-810))?
1
Let n(r) = -r**2 + 5*r + 8. Let l be n(6). Let s(y) = y + l + 3 - 6. What is the units digit of s(3)?
2
Let f(x) = x**2 - 24*x - 22. Let h be f(25). Suppose -4*k = -k - p - 103, -h*p = k - 31. What is the units digit of k?
4
Let f(q) = -11*q**3 + 5*q**2 - 17*q - 4. Let y(s) = 5*s**3 - 2*s**2 + 8*s + 2. Let x(d) = -4*f(d) - 9*y(d). What is the units digit of x(-2)?
6
Let q = -27 - -29. What is the tens digit of ((-1)/(-2)*44)/q?
1
Let m(q) = -q**3 + q**2 + 14*q - 10. What is the units digit of m(-6)?
8
Let v = 360 + -155. What is the tens digit of v?
0
Suppose -3*a - 23 = -6*l + 2*l, 3*l + a = 14. Suppose l*z = 10*z. Suppose z = -4*i - i + 205. What is the units digit of i?
1
Suppose 4*x + 8 = -12. What is the tens digit of (-72)/(-8)*x*2/(-6)?
1
Let n be 23*22*(2 - 1). What is the units digit of 10/4*n/115?
1
Let c(g) = g**2 + g - 6. Let h be c(-3). Suppose 2*y - 3*y + 67 = h. What is the units digit of y?
7
Suppose 394 = 5*c - 461. What is the tens digit of c?
7
Let f(n) = -n**2 + 4*n + 5. Let w be f(5). Let x(t) = -3*t**2 - t - 1. Let q be x(-1). What is the units digit of q + w - -1*25?
2
Let s be (-4)/14 + 20/(-28). Let c be 447*s/(-3) + -2. What is the tens digit of (-4)/14 - (-5481)/c?
3
Let x be (2/(-6))/((-7)/42). Suppose x*y = -3*g + 11, g = -4*y - 3*g + 28. What is the units digit of y?
0
Suppose -2 = -3*k - g + 5, -5*k + 2*g = -30. Let x be 1*(k + -3)*5. Suppose -2*s + 4*p + 29 = -p, x*s = -3*p + 88. What is the tens digit of s?
1
Let k = -30 - -52. Suppose 2*c - 19 = -3*t, -3*t = t + 2*c - k. What is the tens digit of t/9 + (-140)/(-3)?
4
Let j = -4315 - -7510. What is the thousands digit of j?
3
Let b = -531 + 1380. What is the hundreds digit of b?
8
Let k(d) = -9*d - 4. Let o(y) = -9*y - 4. Let a(u) = -6*k(u) + 5*o(u). What is the tens digit of a(5)?
4
Let v(w) = -w**3. Let y(x) = 4*x**3 - 12*x**2 - 14*x + 2. Let m(b) = -3*v(b) - y(b). Let p be m(13). Let t = 16 + p. What is the units digit of t?
7
What is the hundreds digit of (-986)/((-28)/(-7)*(-2)/4)?
4
What is the units digit of (-6)/(-12)*(104 - -2)?
3
Suppose 5*w = 19*w - 20146. What is the units digit of w?
9
Suppose 1981 + 1474 = 5*c - g, 0 = -5*c - 4*g + 3430. What is the tens digit of c?
9
Let f(m) = -14*m - 4. Let i be f(-5). Suppose -11*x + 6*x - 190 = 0. Let o = i + x. What is the tens digit of o?
2
Suppose t + 534 - 2359 = 5*v, 4*v = -3*t + 5399. What is the units digit of t?
5
Let n(p) = -34*p + 241. What is the units digit of n(-42)?
9
Suppose 0 = -35*q + q + 35054. What is the hundreds digit of q?
0
Let o = 16 - 14. Let c be (o/3)/((-8)/(-84)). Suppose 3*r + 48 = c*r. What is the tens digit of r?
1
Let r(t) = -t**2 + 4*t + 1. Let v be r(4). Let m be v/(-3) - (-3)/9. Suppose -7*s + 12*s - 300 = m. What is the tens digit of s?
6
Let d(b) = -b**3 + 22*b**2 - b + 20. Let a be d(22). What is the tens digit of (4/(-8))/(a/808)?
0
What is the hundreds digit of -2 - 9/(-4) - (-30675)/100?
3
Suppose 0 = 6*d - 3*d. Suppose m + k - 14 = 6*k, d = 5*m + 5*k - 160. What is the units digit of m?
9
Suppose -4*b + 0*m = 4*m - 28, -7 = 3*b - 4*m. Suppose -23 - 29 = 5*a + 2*l, -2*a = b*l + 12. What is the tens digit of (a + 8)/((-2)/5)?
1
Suppose 168 = -3*c + 9*c. What is the units digit of c/(-2)*6/(-21)?
4
Suppose -3*f + 1236 = -372. Suppose -f = -4*k - w, -k + 2*w + 101 + 42 = 0. Suppose -5*v = 5*j - k, -1 = -3*v + 2. What is the units digit of j?
6
Let t be 4 - 0*(-3 - -2). Suppose -t*q + 154 = -2*q. What is the tens digit of q?
7
What is the units digit of 26186/12 + (-55)/(-66)?
3
Let n(s) = -66*s + 127. What is the units digit of n(-7)?
9
Let o(a) be the first derivative of a**5/120 + 5*a**4/6 + a**3 - 6. Let p(m) be the third derivative of o(m). What is the units digit of p(-13)?
7
Suppose 4*i + 9*i - 26 = 0. Suppose -65 = -5*y + i*c, -2*c = -y + 14 + 7. What is the units digit of y?
1
Let l(f) = -f**3 - 8*f**2 + 10*f - 6. Let u(o) = 2*o**3 + 16*o**2 - 21*o + 13. Let q(j) = -5*l(j) - 2*u(j). What is the tens digit of q(-8)?
6
Let m(s) be the second derivative of -s**3/6 + 3*s**2 + 11*s. What is the tens digit of m(-7)?
1
Let q(g) = 19*g + 51. What is the units digit of q(10)?
1
Let d = 74 - 69. Suppose 0 = -f - d*s + 71, -s + 5*s + 8 = 0. What is the units digit of f?
1
Suppose o = 43 - 13. Let h be -5*(-6)/10*14. Let v = h - o. What is the tens digit of v?
1
Suppose 4*a - 5*l = -l + 32, 3*a + 4*l = 3. Suppose 6*w = a*w. What is the tens digit of -3 - (-47 - (w - 0))?
4
Let o(p) = 6*p - 3. Suppose -2*d = -0*d - 8. What is the units digit of o(d)?
1
Suppose -4*q + 12 = 5*i - 101, -5*q = -5*i - 130. What is the units digit of (q/(-27))/(1/(-41))?
1
Suppose 4*c + 17*l - 2604 = 13*l, 2*c = 2*l + 1314. What is the units digit of c?
4
Let n(p) = 3*p**3 + 12*p**2 + 3*p. Let l(m) = m**3 + m**2 - 1. Let f(z) = -2*l(z) + n(z). What is the tens digit of f(-8)?
0
Let w(g) = 2*g**2 + 8*g + 3. Let p = 10 + -5. Suppose 0 = -4*l + 2*l + p*a + 10, -a - 14 = 2*l. What is the units digit of w(l)?
3
Suppose 2*f = 56 + 12. Let m = f - 10. Suppose 6*j + m = 7*j. What is the tens digit of j?
2
Suppose -5*s + 1175 = 5*w - 25875, -2*w + 5*s = -10813. What is the hundreds digit of w?
4
Suppose -3*t + 260 = 2*c, 470 = 5*c - 4*t - 180. Suppose 3*s = s + c. Suppose 95 + s = 4*p. What is the tens digit of p?
4
Let x(g) = g**3 + 9*g**2 + 9*g + 10. Let i be x(-8). Suppose -2*y - 14 = -2*h, 4*y = i*h - 14 - 4. What is the units digit of h?
5
Let f = -1399 - -2219. Suppose f + 699 = 7*y. What is the units digit of y?
7
Suppose -11*o = -9*o - 1206. What is the units digit of o?
3
Let a = -12 + 30. Suppose 159 = -a*g + 21*g. What is the tens digit of g?
5
What is the units digit of (-1659)/(-3) + -3 + 17 + -23?
4
What is the units digit of 153*(48/(-32) + 97/6)?
4
Let b(o) = 3*o**3 + 3*o**2 + 2*o. Let q be b(-1). What is the units digit of (70 + (-4)/q)/((-27)/(-36))?
6
Suppose 7*u + 3*s = 2*u + 6411, 0 = -5*u - s + 6417. What is the tens digit of u?
8
Let l(p) be the first derivative of p**4/4 - 2*p**3 - 5. Let o be l(6). Suppose 2*g - 19 - 1 = o. What is the units digit of g?
0
Let k be (1/(-2))/(6/72). Let y(s) = -2*s**2 - 6 - 4*s**2 + 2*s**3 - 3*s**3 - 2*s - 2*s. What is the tens digit of y(k)?
1
Suppose 30 + 70 = 5*m. Suppose -m = -2*a - 3*a. What is the tens digit of a - -106*(-4)/(-8)?
5
Let o = -88 + 160. Suppose -3*f = f - o. Suppose 2*r - 16 = 4*t, 5*r = 4*t - f + 88. What is the units digit of r?
8
Let g be 3/6*68*6. Suppose 3*u - g - 48 = 0. Suppose -d - u = -3*d. What is the tens digit of d?
4
Let z(a) = 4*a**2 + a. Suppose -2*d = -5*u - 0 + 1, -4*d + 9 = u. Suppose 0 = t - 6*t + d*r - 10, -23 = 2*t + 3*r. What is the units digit of z(t)?
0
Suppose f - 29 = -2*s - 4*f, -f + 5 = 0. Let g(l) = 